{"id":194,"date":"2016-05-24T16:49:08","date_gmt":"2016-05-24T15:49:08","guid":{"rendered":"http:\/\/laiz.fr\/wordpress\/?page_id=194"},"modified":"2016-05-24T17:14:18","modified_gmt":"2016-05-24T16:14:18","slug":"declaration-chiens-dangereux","status":"publish","type":"page","link":"https:\/\/laiz.fr\/wordpress\/demarches-administratives\/mais-aussi\/declaration-chiens-dangereux\/","title":{"rendered":"D\u00e9claration chiens dangereux"},"content":{"rendered":"<p class=\"spip\"><strong class=\"spip\">Pour les chiens de 1\u00e8re et 2\u00e8me cat\u00e9gories<\/strong> (interdits aux personnes de &#8211; de 18 ans)\u00a0:<\/p>\n<p class=\"spip\">Le propri\u00e9taire ou le d\u00e9tenteur d\u2019un chien susceptible d\u2019\u00eatre dangereux doit \u00eatre titulaire d\u2019un permis de d\u00e9tention pour son animal.<\/p>\n<p class=\"spip\">Ce permis est d\u00e9livr\u00e9 par le maire de la commune de r\u00e9sidence, sauf \u00e0 Paris o\u00f9 cette comp\u00e9tence revient au pr\u00e9fet de police.<\/p>\n<p class=\"spip\">Il est remis \u00e0 l\u2019issue d\u2019une formation que doit suivre le propri\u00e9taire ou le d\u00e9tenteur du chien et d\u2019une \u00e9valuation comportementale de l\u2019animal.<\/p>\n<p class=\"spip\">Enfin il faut \u00eatre titulaire d\u2019une attestation d\u2019aptitude sanctionnant une formation portant sur l\u2019\u00e9ducation et le comportement canin<\/p>\n<p class=\"spip\">N\u2019h\u00e9sitez pas \u00e0 vous renseigner en mairie.<\/p>\n<p class=\"spip\">En l\u2019absence de d\u00e9tention du permis, des sanctions sont pr\u00e9vues.<\/p>\n<p class=\"spip\"><a href=\"https:\/\/laiz.fr\/wordpress\/wp-content\/uploads\/2016\/05\/D\u00e9claration-chiens-dangereux.pdf\">D\u00e9claration chiens dangereux<\/a><\/p>\n","protected":false},"excerpt":{"rendered":"<p>Pour les chiens de 1\u00e8re et 2\u00e8me cat\u00e9gories (interdits aux personnes de &#8211; de 18 ans)\u00a0: Le propri\u00e9taire ou le d\u00e9tenteur d\u2019un chien susceptible d\u2019\u00eatre dangereux doit \u00eatre titulaire d\u2019un permis de d\u00e9tention pour son animal. Ce permis est d\u00e9livr\u00e9 par le maire de la commune de r\u00e9sidence, sauf \u00e0 Paris o\u00f9 cette comp\u00e9tence revient &hellip; <a href=\"https:\/\/laiz.fr\/wordpress\/demarches-administratives\/mais-aussi\/declaration-chiens-dangereux\/\" class=\"more-link\">Continuer la lecture de <span class=\"screen-reader-text\">D\u00e9claration chiens dangereux<\/span>  <span class=\"meta-nav\">&rarr;<\/span><\/a><\/p>\n","protected":false},"author":1,"featured_media":0,"parent":215,"menu_order":0,"comment_status":"closed","ping_status":"closed","template":"","meta":{"footnotes":""},"class_list":["post-194","page","type-page","status-publish","hentry"],"yoast_head":"<!-- This site is optimized with the Yoast SEO plugin v27.4 - https:\/\/yoast.com\/product\/yoast-seo-wordpress\/ -->\n<title>D\u00e9claration chiens dangereux - MAIRIE DE LAIZ<\/title>\n<meta name=\"robots\" content=\"index, follow, max-snippet:-1, max-image-preview:large, max-video-preview:-1\" \/>\n<link rel=\"canonical\" href=\"https:\/\/laiz.fr\/wordpress\/demarches-administratives\/mais-aussi\/declaration-chiens-dangereux\/\" \/>\n<meta property=\"og:locale\" content=\"fr_FR\" \/>\n<meta property=\"og:type\" content=\"article\" \/>\n<meta property=\"og:title\" content=\"D\u00e9claration chiens dangereux - MAIRIE DE LAIZ\" \/>\n<meta property=\"og:description\" content=\"Pour les chiens de 1\u00e8re et 2\u00e8me cat\u00e9gories (interdits aux personnes de &#8211; de 18 ans)\u00a0: Le propri\u00e9taire ou le d\u00e9tenteur d\u2019un chien susceptible d\u2019\u00eatre dangereux doit \u00eatre titulaire d\u2019un permis de d\u00e9tention pour son animal. Ce permis est d\u00e9livr\u00e9 par le maire de la commune de r\u00e9sidence, sauf \u00e0 Paris o\u00f9 cette comp\u00e9tence revient &hellip; Continuer la lecture de D\u00e9claration chiens dangereux &rarr;\" \/>\n<meta property=\"og:url\" content=\"https:\/\/laiz.fr\/wordpress\/demarches-administratives\/mais-aussi\/declaration-chiens-dangereux\/\" \/>\n<meta property=\"og:site_name\" content=\"MAIRIE DE LAIZ\" \/>\n<meta property=\"article:publisher\" content=\"https:\/\/www.facebook.com\/villagedelaiz\" \/>\n<meta property=\"article:modified_time\" content=\"2016-05-24T16:14:18+00:00\" \/>\n<meta property=\"og:image\" content=\"https:\/\/laiz.fr\/wordpress\/wp-content\/uploads\/2016\/06\/laizlogo2.jpg\" \/>\n\t<meta property=\"og:image:width\" content=\"935\" \/>\n\t<meta property=\"og:image:height\" content=\"591\" \/>\n\t<meta property=\"og:image:type\" content=\"image\/jpeg\" \/>\n<meta name=\"twitter:label1\" content=\"Dur\u00e9e de lecture estim\u00e9e\" \/>\n\t<meta name=\"twitter:data1\" content=\"1 minute\" \/>\n<script type=\"application\/ld+json\" class=\"yoast-schema-graph\">{\"@context\":\"https:\\\/\\\/schema.org\",\"@graph\":[{\"@type\":\"WebPage\",\"@id\":\"https:\\\/\\\/laiz.fr\\\/wordpress\\\/demarches-administratives\\\/mais-aussi\\\/declaration-chiens-dangereux\\\/\",\"url\":\"https:\\\/\\\/laiz.fr\\\/wordpress\\\/demarches-administratives\\\/mais-aussi\\\/declaration-chiens-dangereux\\\/\",\"name\":\"D\u00e9claration chiens dangereux - MAIRIE DE LAIZ\",\"isPartOf\":{\"@id\":\"https:\\\/\\\/laiz.fr\\\/wordpress\\\/#website\"},\"datePublished\":\"2016-05-24T15:49:08+00:00\",\"dateModified\":\"2016-05-24T16:14:18+00:00\",\"breadcrumb\":{\"@id\":\"https:\\\/\\\/laiz.fr\\\/wordpress\\\/demarches-administratives\\\/mais-aussi\\\/declaration-chiens-dangereux\\\/#breadcrumb\"},\"inLanguage\":\"fr-FR\",\"potentialAction\":[{\"@type\":\"ReadAction\",\"target\":[\"https:\\\/\\\/laiz.fr\\\/wordpress\\\/demarches-administratives\\\/mais-aussi\\\/declaration-chiens-dangereux\\\/\"]}]},{\"@type\":\"BreadcrumbList\",\"@id\":\"https:\\\/\\\/laiz.fr\\\/wordpress\\\/demarches-administratives\\\/mais-aussi\\\/declaration-chiens-dangereux\\\/#breadcrumb\",\"itemListElement\":[{\"@type\":\"ListItem\",\"position\":1,\"name\":\"Accueil\",\"item\":\"https:\\\/\\\/laiz.fr\\\/wordpress\\\/\"},{\"@type\":\"ListItem\",\"position\":2,\"name\":\"D\u00e9marches administratives\",\"item\":\"https:\\\/\\\/laiz.fr\\\/wordpress\\\/demarches-administratives\\\/\"},{\"@type\":\"ListItem\",\"position\":3,\"name\":\"Mais aussi\",\"item\":\"https:\\\/\\\/laiz.fr\\\/wordpress\\\/demarches-administratives\\\/mais-aussi\\\/\"},{\"@type\":\"ListItem\",\"position\":4,\"name\":\"D\u00e9claration chiens dangereux\"}]},{\"@type\":\"WebSite\",\"@id\":\"https:\\\/\\\/laiz.fr\\\/wordpress\\\/#website\",\"url\":\"https:\\\/\\\/laiz.fr\\\/wordpress\\\/\",\"name\":\"MAIRIE DE LAIZ\",\"description\":\"Un village agr\u00e9able \u00e0 vivre\",\"potentialAction\":[{\"@type\":\"SearchAction\",\"target\":{\"@type\":\"EntryPoint\",\"urlTemplate\":\"https:\\\/\\\/laiz.fr\\\/wordpress\\\/?s={search_term_string}\"},\"query-input\":{\"@type\":\"PropertyValueSpecification\",\"valueRequired\":true,\"valueName\":\"search_term_string\"}}],\"inLanguage\":\"fr-FR\"}]}<\/script>\n<!-- \/ Yoast SEO plugin. -->","yoast_head_json":{"title":"D\u00e9claration chiens dangereux - MAIRIE DE LAIZ","robots":{"index":"index","follow":"follow","max-snippet":"max-snippet:-1","max-image-preview":"max-image-preview:large","max-video-preview":"max-video-preview:-1"},"canonical":"https:\/\/laiz.fr\/wordpress\/demarches-administratives\/mais-aussi\/declaration-chiens-dangereux\/","og_locale":"fr_FR","og_type":"article","og_title":"D\u00e9claration chiens dangereux - MAIRIE DE LAIZ","og_description":"Pour les chiens de 1\u00e8re et 2\u00e8me cat\u00e9gories (interdits aux personnes de &#8211; de 18 ans)\u00a0: Le propri\u00e9taire ou le d\u00e9tenteur d\u2019un chien susceptible d\u2019\u00eatre dangereux doit \u00eatre titulaire d\u2019un permis de d\u00e9tention pour son animal. Ce permis est d\u00e9livr\u00e9 par le maire de la commune de r\u00e9sidence, sauf \u00e0 Paris o\u00f9 cette comp\u00e9tence revient &hellip; Continuer la lecture de D\u00e9claration chiens dangereux &rarr;","og_url":"https:\/\/laiz.fr\/wordpress\/demarches-administratives\/mais-aussi\/declaration-chiens-dangereux\/","og_site_name":"MAIRIE DE LAIZ","article_publisher":"https:\/\/www.facebook.com\/villagedelaiz","article_modified_time":"2016-05-24T16:14:18+00:00","og_image":[{"width":935,"height":591,"url":"https:\/\/laiz.fr\/wordpress\/wp-content\/uploads\/2016\/06\/laizlogo2.jpg","type":"image\/jpeg"}],"twitter_misc":{"Dur\u00e9e de lecture estim\u00e9e":"1 minute"},"schema":{"@context":"https:\/\/schema.org","@graph":[{"@type":"WebPage","@id":"https:\/\/laiz.fr\/wordpress\/demarches-administratives\/mais-aussi\/declaration-chiens-dangereux\/","url":"https:\/\/laiz.fr\/wordpress\/demarches-administratives\/mais-aussi\/declaration-chiens-dangereux\/","name":"D\u00e9claration chiens dangereux - MAIRIE DE LAIZ","isPartOf":{"@id":"https:\/\/laiz.fr\/wordpress\/#website"},"datePublished":"2016-05-24T15:49:08+00:00","dateModified":"2016-05-24T16:14:18+00:00","breadcrumb":{"@id":"https:\/\/laiz.fr\/wordpress\/demarches-administratives\/mais-aussi\/declaration-chiens-dangereux\/#breadcrumb"},"inLanguage":"fr-FR","potentialAction":[{"@type":"ReadAction","target":["https:\/\/laiz.fr\/wordpress\/demarches-administratives\/mais-aussi\/declaration-chiens-dangereux\/"]}]},{"@type":"BreadcrumbList","@id":"https:\/\/laiz.fr\/wordpress\/demarches-administratives\/mais-aussi\/declaration-chiens-dangereux\/#breadcrumb","itemListElement":[{"@type":"ListItem","position":1,"name":"Accueil","item":"https:\/\/laiz.fr\/wordpress\/"},{"@type":"ListItem","position":2,"name":"D\u00e9marches administratives","item":"https:\/\/laiz.fr\/wordpress\/demarches-administratives\/"},{"@type":"ListItem","position":3,"name":"Mais aussi","item":"https:\/\/laiz.fr\/wordpress\/demarches-administratives\/mais-aussi\/"},{"@type":"ListItem","position":4,"name":"D\u00e9claration chiens dangereux"}]},{"@type":"WebSite","@id":"https:\/\/laiz.fr\/wordpress\/#website","url":"https:\/\/laiz.fr\/wordpress\/","name":"MAIRIE DE LAIZ","description":"Un village agr\u00e9able \u00e0 vivre","potentialAction":[{"@type":"SearchAction","target":{"@type":"EntryPoint","urlTemplate":"https:\/\/laiz.fr\/wordpress\/?s={search_term_string}"},"query-input":{"@type":"PropertyValueSpecification","valueRequired":true,"valueName":"search_term_string"}}],"inLanguage":"fr-FR"}]}},"_links":{"self":[{"href":"https:\/\/laiz.fr\/wordpress\/wp-json\/wp\/v2\/pages\/194","targetHints":{"allow":["GET"]}}],"collection":[{"href":"https:\/\/laiz.fr\/wordpress\/wp-json\/wp\/v2\/pages"}],"about":[{"href":"https:\/\/laiz.fr\/wordpress\/wp-json\/wp\/v2\/types\/page"}],"author":[{"embeddable":true,"href":"https:\/\/laiz.fr\/wordpress\/wp-json\/wp\/v2\/users\/1"}],"replies":[{"embeddable":true,"href":"https:\/\/laiz.fr\/wordpress\/wp-json\/wp\/v2\/comments?post=194"}],"version-history":[{"count":1,"href":"https:\/\/laiz.fr\/wordpress\/wp-json\/wp\/v2\/pages\/194\/revisions"}],"predecessor-version":[{"id":197,"href":"https:\/\/laiz.fr\/wordpress\/wp-json\/wp\/v2\/pages\/194\/revisions\/197"}],"up":[{"embeddable":true,"href":"https:\/\/laiz.fr\/wordpress\/wp-json\/wp\/v2\/pages\/215"}],"wp:attachment":[{"href":"https:\/\/laiz.fr\/wordpress\/wp-json\/wp\/v2\/media?parent=194"}],"curies":[{"name":"wp","href":"https:\/\/api.w.org\/{rel}","templated":true}]}}