{"id":209,"date":"2018-02-05T17:08:02","date_gmt":"2018-02-05T16:08:02","guid":{"rendered":"http:\/\/laiz.fr\/wordpress\/?page_id=209"},"modified":"2024-05-15T11:04:04","modified_gmt":"2024-05-15T09:04:04","slug":"passeport-biometrique","status":"publish","type":"page","link":"https:\/\/laiz.fr\/wordpress\/demarches-administratives\/documents-officiels\/passeport-biometrique\/","title":{"rendered":"Carte nationale d&rsquo;identit\u00e9, passeport et certificat num\u00e9rique"},"content":{"rendered":"<div dir=\"ltr\">\n<p class=\"spip\"><span style=\"color: #ff9900;\"><span style=\"color: #333333;\"><strong>Les demandes de passeports et cartes nationales d&rsquo;identit\u00e9 se fon<\/strong>t<\/span><strong><u>\u00a0<span style=\"background-color: #ffffff; color: #ff0000;\">UNIQUEMENT SUR RENDEZ-VOUS :<\/span><\/u><\/strong><\/span><\/p>\n<table style=\"width: 87.3016%; border-collapse: collapse; background-color: #8abf9d; height: 213px;\">\n<tbody>\n<tr style=\"height: 36px;\">\n<td style=\"width: 202.5px; height: 36px;\">\n<h6><span style=\"background-color: #ffffff; color: #008000;\"><strong>Lundi<\/strong><\/span><\/h6>\n<\/td>\n<td style=\"width: 202.5px; height: 36px;\">\n<h6><span style=\"background-color: #ffffff; color: #008000;\"><strong>8H00 &#8211; 13H00<\/strong><\/span><\/h6>\n<\/td>\n<\/tr>\n<tr style=\"height: 36px;\">\n<td style=\"width: 202.5px; height: 36px;\">\n<h6><span style=\"background-color: #ffffff; color: #008000;\"><strong>Mardi<\/strong><\/span><\/h6>\n<\/td>\n<td style=\"width: 202.5px; height: 36px;\">\n<h6><span style=\"background-color: #ffffff; color: #008000;\"><strong>8H00 &#8211; 13H00<\/strong><\/span><\/h6>\n<\/td>\n<\/tr>\n<tr style=\"height: 36px;\">\n<td style=\"width: 202.5px; height: 36px;\">\n<h6><span style=\"background-color: #ffffff; color: #008000;\"><strong>Jeudi<\/strong><\/span><\/h6>\n<\/td>\n<td style=\"width: 202.5px; height: 36px;\">\n<h6><span style=\"background-color: #ffffff; color: #008000;\"><strong>8H00 &#8211; 13H00<\/strong><\/span><\/h6>\n<\/td>\n<\/tr>\n<tr style=\"height: 36px;\">\n<td style=\"width: 202.5px; height: 36px;\">\n<h6><span style=\"background-color: #ffffff; color: #008000;\"><strong>Jeudi<\/strong><\/span><\/h6>\n<\/td>\n<td style=\"width: 202.5px; height: 36px;\">\n<h6><span style=\"background-color: #ffffff; color: #008000;\"><strong>14H00 &#8211; 16H30<\/strong><\/span><\/h6>\n<\/td>\n<\/tr>\n<\/tbody>\n<\/table>\n<p class=\"spip\"><strong>Attention aux sites frauduleux , qui vous demandent de payer des frais suppl\u00e9mentaires pour la r\u00e9alisation de la pr\u00e9-demande d&rsquo;une carte d&rsquo;identit\u00e9 ou d&rsquo;un passeport!<\/strong><\/p>\n<p class=\"spip\"><span style=\"background-color: #ffffff;\"><strong><i><a style=\"background-color: #ffffff;\" href=\"https:\/\/app.synbird.com\/01290-laiz-mairie-de-laiz\"><span style=\"color: #ff0000;\">Pour constituer votre dossier et prendre rendez-vous, cliquez ici <\/span><\/a><\/i><\/strong><\/span><b><i>et laissez-vous guider !! Une fois les grandes \u00e9tapes de la d\u00e9marche effectu\u00e9es, vous n&rsquo;aurez plus qu&rsquo;\u00e0 choisir le cr\u00e9neau qui vous convient pour venir d\u00e9poser l&rsquo;ensemble de vos documents \u00e0 la mairie de Laiz (<span style=\"color: #ff0000;\">Attention : la prise de rendez-vous ne peut se faire qu&rsquo;avec un dossier complet<\/span>)<\/i><\/b><\/p>\n<p><strong><span style=\"text-decoration: underline;\">Remarque<\/span> : L&rsquo;ensemble des documents \u00e0 fournir, que ce soit pour votre carte nationale d&rsquo;identit\u00e9 (premi\u00e8re demande ou renouvellement) ou pour votre passeport (premi\u00e8re demande ou renouvellement) seront d\u00e9taill\u00e9s lors de votre connexion au site de l&rsquo;ANTS.<\/strong><\/p>\n<p><strong><span style=\"color: #008000;\">Nouveau service \u00e0 compter du 21 mai 2024 : certificat d&rsquo;identit\u00e9 num\u00e9rique<\/span><\/strong><\/p>\n<div class=\"title\">C<span style=\"font-size: revert;\">ette certification vous permettra d&rsquo;effectuer diff\u00e9rentes d\u00e9marches sans \u00eatre physiquement pr\u00e9sent telle qu&rsquo;une procuration pour voter.<\/span><\/div>\n<div class=\"content\">\n<p>Pour cela, vous devez vous rendre dans une mairie qui d\u00e9livre des cartes d&rsquo;identit\u00e9 puisque vous devrez r\u00e9aliser un contr\u00f4le d&#8217;emprunte digitale.<\/p>\n<p><strong>Avant de vous d\u00e9placer en mairie, vous devez au pr\u00e9alable :<\/strong><\/p>\n<p>1. Poss\u00e9der une carte nationale d&rsquo;identit\u00e9 \u00e9lectronique (CNIe) avec une puce s\u00e9curis\u00e9e,<\/p>\n<p>2. Avoir un t\u00e9l\u00e9phone qui dispose d&rsquo;une capacit\u00e9\u00a0<a href=\"https:\/\/synbird.sharepoint.com\/:b:\/s\/WebinairesSynBird\/EeLigSZzEoZNiKI1NsmMBiEB2kVBaWfxnbw4iFQRuBdyow?e=C80ZoR\" target=\"_blank\" rel=\"noopener noreferrer\">NFC et d&rsquo;une version r\u00e9cente du syst\u00e8me d&rsquo;exploitation<\/a><\/p>\n<p>3. T\u00e9l\u00e9charger et installer l&rsquo;application France identit\u00e9 sur votre smartphone<\/p>\n<p>4. Avoir initialis\u00e9 votre demande de certification depuis l&rsquo;application afin d\u2019obtenir un QR code<\/p>\n<\/div>\n<\/div>\n","protected":false},"excerpt":{"rendered":"<p>Les demandes de passeports et cartes nationales d&rsquo;identit\u00e9 se font\u00a0UNIQUEMENT SUR RENDEZ-VOUS : Lundi 8H00 &#8211; 13H00 Mardi 8H00 &#8211; 13H00 Jeudi 8H00 &#8211; 13H00 Jeudi 14H00 &#8211; 16H30 Attention aux sites frauduleux , qui vous demandent de payer des frais suppl\u00e9mentaires pour la r\u00e9alisation de la pr\u00e9-demande d&rsquo;une carte d&rsquo;identit\u00e9 ou d&rsquo;un passeport! Pour &hellip; <a href=\"https:\/\/laiz.fr\/wordpress\/demarches-administratives\/documents-officiels\/passeport-biometrique\/\" class=\"more-link\">Continuer la lecture de <span class=\"screen-reader-text\">Carte nationale d&rsquo;identit\u00e9, passeport et certificat num\u00e9rique<\/span>  <span class=\"meta-nav\">&rarr;<\/span><\/a><\/p>\n","protected":false},"author":1,"featured_media":0,"parent":213,"menu_order":0,"comment_status":"closed","ping_status":"closed","template":"","meta":{"footnotes":""},"class_list":["post-209","page","type-page","status-publish","hentry"],"yoast_head":"<!-- This site is optimized with the Yoast SEO plugin v27.4 - https:\/\/yoast.com\/product\/yoast-seo-wordpress\/ -->\n<title>Carte nationale d&#039;identit\u00e9, passeport et certificat num\u00e9rique - MAIRIE DE LAIZ<\/title>\n<meta name=\"robots\" content=\"index, follow, max-snippet:-1, max-image-preview:large, max-video-preview:-1\" \/>\n<link rel=\"canonical\" href=\"https:\/\/laiz.fr\/wordpress\/demarches-administratives\/documents-officiels\/passeport-biometrique\/\" \/>\n<meta property=\"og:locale\" content=\"fr_FR\" \/>\n<meta property=\"og:type\" content=\"article\" \/>\n<meta property=\"og:title\" content=\"Carte nationale d&#039;identit\u00e9, passeport et certificat num\u00e9rique - MAIRIE DE LAIZ\" \/>\n<meta property=\"og:description\" content=\"Les demandes de passeports et cartes nationales d&rsquo;identit\u00e9 se font\u00a0UNIQUEMENT SUR RENDEZ-VOUS : Lundi 8H00 &#8211; 13H00 Mardi 8H00 &#8211; 13H00 Jeudi 8H00 &#8211; 13H00 Jeudi 14H00 &#8211; 16H30 Attention aux sites frauduleux , qui vous demandent de payer des frais suppl\u00e9mentaires pour la r\u00e9alisation de la pr\u00e9-demande d&rsquo;une carte d&rsquo;identit\u00e9 ou d&rsquo;un passeport! Pour &hellip; Continuer la lecture de Carte nationale d&rsquo;identit\u00e9, passeport et certificat num\u00e9rique &rarr;\" \/>\n<meta property=\"og:url\" content=\"https:\/\/laiz.fr\/wordpress\/demarches-administratives\/documents-officiels\/passeport-biometrique\/\" \/>\n<meta property=\"og:site_name\" content=\"MAIRIE DE LAIZ\" \/>\n<meta property=\"article:publisher\" content=\"https:\/\/www.facebook.com\/villagedelaiz\" \/>\n<meta property=\"article:modified_time\" content=\"2024-05-15T09:04:04+00:00\" \/>\n<meta property=\"og:image\" content=\"https:\/\/laiz.fr\/wordpress\/wp-content\/uploads\/2016\/06\/laizlogo2.jpg\" \/>\n\t<meta property=\"og:image:width\" content=\"935\" \/>\n\t<meta property=\"og:image:height\" content=\"591\" \/>\n\t<meta property=\"og:image:type\" content=\"image\/jpeg\" \/>\n<meta name=\"twitter:label1\" content=\"Dur\u00e9e de lecture estim\u00e9e\" \/>\n\t<meta name=\"twitter:data1\" content=\"2 minutes\" \/>\n<script type=\"application\/ld+json\" class=\"yoast-schema-graph\">{\"@context\":\"https:\\\/\\\/schema.org\",\"@graph\":[{\"@type\":\"WebPage\",\"@id\":\"https:\\\/\\\/laiz.fr\\\/wordpress\\\/demarches-administratives\\\/documents-officiels\\\/passeport-biometrique\\\/\",\"url\":\"https:\\\/\\\/laiz.fr\\\/wordpress\\\/demarches-administratives\\\/documents-officiels\\\/passeport-biometrique\\\/\",\"name\":\"Carte nationale d'identit\u00e9, passeport et certificat num\u00e9rique - MAIRIE DE LAIZ\",\"isPartOf\":{\"@id\":\"https:\\\/\\\/laiz.fr\\\/wordpress\\\/#website\"},\"datePublished\":\"2018-02-05T16:08:02+00:00\",\"dateModified\":\"2024-05-15T09:04:04+00:00\",\"breadcrumb\":{\"@id\":\"https:\\\/\\\/laiz.fr\\\/wordpress\\\/demarches-administratives\\\/documents-officiels\\\/passeport-biometrique\\\/#breadcrumb\"},\"inLanguage\":\"fr-FR\",\"potentialAction\":[{\"@type\":\"ReadAction\",\"target\":[\"https:\\\/\\\/laiz.fr\\\/wordpress\\\/demarches-administratives\\\/documents-officiels\\\/passeport-biometrique\\\/\"]}]},{\"@type\":\"BreadcrumbList\",\"@id\":\"https:\\\/\\\/laiz.fr\\\/wordpress\\\/demarches-administratives\\\/documents-officiels\\\/passeport-biometrique\\\/#breadcrumb\",\"itemListElement\":[{\"@type\":\"ListItem\",\"position\":1,\"name\":\"Accueil\",\"item\":\"https:\\\/\\\/laiz.fr\\\/wordpress\\\/\"},{\"@type\":\"ListItem\",\"position\":2,\"name\":\"D\u00e9marches administratives\",\"item\":\"https:\\\/\\\/laiz.fr\\\/wordpress\\\/demarches-administratives\\\/\"},{\"@type\":\"ListItem\",\"position\":3,\"name\":\"Documents officiels\",\"item\":\"https:\\\/\\\/laiz.fr\\\/wordpress\\\/demarches-administratives\\\/documents-officiels\\\/\"},{\"@type\":\"ListItem\",\"position\":4,\"name\":\"Carte nationale d&rsquo;identit\u00e9, passeport et certificat num\u00e9rique\"}]},{\"@type\":\"WebSite\",\"@id\":\"https:\\\/\\\/laiz.fr\\\/wordpress\\\/#website\",\"url\":\"https:\\\/\\\/laiz.fr\\\/wordpress\\\/\",\"name\":\"MAIRIE DE LAIZ\",\"description\":\"Un village agr\u00e9able \u00e0 vivre\",\"potentialAction\":[{\"@type\":\"SearchAction\",\"target\":{\"@type\":\"EntryPoint\",\"urlTemplate\":\"https:\\\/\\\/laiz.fr\\\/wordpress\\\/?s={search_term_string}\"},\"query-input\":{\"@type\":\"PropertyValueSpecification\",\"valueRequired\":true,\"valueName\":\"search_term_string\"}}],\"inLanguage\":\"fr-FR\"}]}<\/script>\n<!-- \/ Yoast SEO plugin. -->","yoast_head_json":{"title":"Carte nationale d'identit\u00e9, passeport et certificat num\u00e9rique - MAIRIE DE LAIZ","robots":{"index":"index","follow":"follow","max-snippet":"max-snippet:-1","max-image-preview":"max-image-preview:large","max-video-preview":"max-video-preview:-1"},"canonical":"https:\/\/laiz.fr\/wordpress\/demarches-administratives\/documents-officiels\/passeport-biometrique\/","og_locale":"fr_FR","og_type":"article","og_title":"Carte nationale d'identit\u00e9, passeport et certificat num\u00e9rique - MAIRIE DE LAIZ","og_description":"Les demandes de passeports et cartes nationales d&rsquo;identit\u00e9 se font\u00a0UNIQUEMENT SUR RENDEZ-VOUS : Lundi 8H00 &#8211; 13H00 Mardi 8H00 &#8211; 13H00 Jeudi 8H00 &#8211; 13H00 Jeudi 14H00 &#8211; 16H30 Attention aux sites frauduleux , qui vous demandent de payer des frais suppl\u00e9mentaires pour la r\u00e9alisation de la pr\u00e9-demande d&rsquo;une carte d&rsquo;identit\u00e9 ou d&rsquo;un passeport! Pour &hellip; Continuer la lecture de Carte nationale d&rsquo;identit\u00e9, passeport et certificat num\u00e9rique &rarr;","og_url":"https:\/\/laiz.fr\/wordpress\/demarches-administratives\/documents-officiels\/passeport-biometrique\/","og_site_name":"MAIRIE DE LAIZ","article_publisher":"https:\/\/www.facebook.com\/villagedelaiz","article_modified_time":"2024-05-15T09:04:04+00:00","og_image":[{"width":935,"height":591,"url":"https:\/\/laiz.fr\/wordpress\/wp-content\/uploads\/2016\/06\/laizlogo2.jpg","type":"image\/jpeg"}],"twitter_misc":{"Dur\u00e9e de lecture estim\u00e9e":"2 minutes"},"schema":{"@context":"https:\/\/schema.org","@graph":[{"@type":"WebPage","@id":"https:\/\/laiz.fr\/wordpress\/demarches-administratives\/documents-officiels\/passeport-biometrique\/","url":"https:\/\/laiz.fr\/wordpress\/demarches-administratives\/documents-officiels\/passeport-biometrique\/","name":"Carte nationale d'identit\u00e9, passeport et certificat num\u00e9rique - MAIRIE DE LAIZ","isPartOf":{"@id":"https:\/\/laiz.fr\/wordpress\/#website"},"datePublished":"2018-02-05T16:08:02+00:00","dateModified":"2024-05-15T09:04:04+00:00","breadcrumb":{"@id":"https:\/\/laiz.fr\/wordpress\/demarches-administratives\/documents-officiels\/passeport-biometrique\/#breadcrumb"},"inLanguage":"fr-FR","potentialAction":[{"@type":"ReadAction","target":["https:\/\/laiz.fr\/wordpress\/demarches-administratives\/documents-officiels\/passeport-biometrique\/"]}]},{"@type":"BreadcrumbList","@id":"https:\/\/laiz.fr\/wordpress\/demarches-administratives\/documents-officiels\/passeport-biometrique\/#breadcrumb","itemListElement":[{"@type":"ListItem","position":1,"name":"Accueil","item":"https:\/\/laiz.fr\/wordpress\/"},{"@type":"ListItem","position":2,"name":"D\u00e9marches administratives","item":"https:\/\/laiz.fr\/wordpress\/demarches-administratives\/"},{"@type":"ListItem","position":3,"name":"Documents officiels","item":"https:\/\/laiz.fr\/wordpress\/demarches-administratives\/documents-officiels\/"},{"@type":"ListItem","position":4,"name":"Carte nationale d&rsquo;identit\u00e9, passeport et certificat num\u00e9rique"}]},{"@type":"WebSite","@id":"https:\/\/laiz.fr\/wordpress\/#website","url":"https:\/\/laiz.fr\/wordpress\/","name":"MAIRIE DE LAIZ","description":"Un village agr\u00e9able \u00e0 vivre","potentialAction":[{"@type":"SearchAction","target":{"@type":"EntryPoint","urlTemplate":"https:\/\/laiz.fr\/wordpress\/?s={search_term_string}"},"query-input":{"@type":"PropertyValueSpecification","valueRequired":true,"valueName":"search_term_string"}}],"inLanguage":"fr-FR"}]}},"_links":{"self":[{"href":"https:\/\/laiz.fr\/wordpress\/wp-json\/wp\/v2\/pages\/209","targetHints":{"allow":["GET"]}}],"collection":[{"href":"https:\/\/laiz.fr\/wordpress\/wp-json\/wp\/v2\/pages"}],"about":[{"href":"https:\/\/laiz.fr\/wordpress\/wp-json\/wp\/v2\/types\/page"}],"author":[{"embeddable":true,"href":"https:\/\/laiz.fr\/wordpress\/wp-json\/wp\/v2\/users\/1"}],"replies":[{"embeddable":true,"href":"https:\/\/laiz.fr\/wordpress\/wp-json\/wp\/v2\/comments?post=209"}],"version-history":[{"count":10,"href":"https:\/\/laiz.fr\/wordpress\/wp-json\/wp\/v2\/pages\/209\/revisions"}],"predecessor-version":[{"id":5634,"href":"https:\/\/laiz.fr\/wordpress\/wp-json\/wp\/v2\/pages\/209\/revisions\/5634"}],"up":[{"embeddable":true,"href":"https:\/\/laiz.fr\/wordpress\/wp-json\/wp\/v2\/pages\/213"}],"wp:attachment":[{"href":"https:\/\/laiz.fr\/wordpress\/wp-json\/wp\/v2\/media?parent=209"}],"curies":[{"name":"wp","href":"https:\/\/api.w.org\/{rel}","templated":true}]}}