{"id":399,"date":"2016-06-30T16:31:15","date_gmt":"2016-06-30T14:31:15","guid":{"rendered":"http:\/\/laiz.fr\/wordpress\/?page_id=399"},"modified":"2020-06-12T06:57:02","modified_gmt":"2020-06-12T04:57:02","slug":"immatriculation-de-vehicules","status":"publish","type":"page","link":"https:\/\/laiz.fr\/wordpress\/demarches-administratives\/immatriculation-de-vehicules\/","title":{"rendered":"Immatriculation et m\u00e9decins agr\u00e9\u00e9s"},"content":{"rendered":"<p><span style=\"text-decoration: underline; color: #000000;\"><strong>A &#8211; CARTES GRISES :<\/strong><\/span><\/p>\n<p style=\"font-weight: 400;\">Depuis 2017, les d\u00e9marches pour la carte grise ne\u00a0s&rsquo;effectuent plus <strong>en Pr\u00e9fecture et Sous-Pr\u00e9fecture.<\/strong><\/p>\n<p style=\"font-weight: 400;\">Afin d&rsquo;obtenir votre certificat d&rsquo;immatriculation pour votre v\u00e9hicule (neuf ou occasion),\u00a0il est \u00e0 pr\u00e9sent n\u00e9cessaire de passer par l&rsquo;une de ces deux options :\u00a0\u00a0<\/p>\n<ul>\n<li style=\"font-weight: 400;\">\u00a0Site de l&rsquo;ANTS (Agence National des Titres S\u00e9curis\u00e9s) :\u00a0<a href=\"https:\/\/immatriculation.ants.gouv.fr\/\" data-saferedirecturl=\"https:\/\/www.google.com\/url?q=https:\/\/immatriculation.ants.gouv.fr\/&amp;source=gmail&amp;ust=1592022150871000&amp;usg=AFQjCNH2TK7VhUIwlGoEvnQp0Ttxm01Alg\">https:\/\/immatriculation.ants.gouv.fr<\/a><\/li>\n<li style=\"font-weight: 400;\">Un professionnel de l&rsquo;automobile agr\u00e9\u00e9\u00a0par la pr\u00e9fecture : trouver un\u00a0<a href=\"https:\/\/www.vroomly.com\/garage-01\/\" data-saferedirecturl=\"https:\/\/www.google.com\/url?q=https:\/\/www.vroomly.com\/garage-01\/&amp;source=gmail&amp;ust=1592022150871000&amp;usg=AFQjCNFefj9hswkGA-ECUxi7TEA7eC8DNA\">garage dans le 01<\/a><\/li>\n<\/ul>\n<p style=\"font-weight: 400;\">Pour en savoir plus sur le prix de la carte grise et \u00e9viter les\u00a0arnaques, merci de consulter cette\u00a0<a href=\"https:\/\/www.vroomly.com\/blog\/quel-est-le-prix-dune-carte-grise\/\" data-saferedirecturl=\"https:\/\/www.google.com\/url?q=https:\/\/www.vroomly.com\/blog\/quel-est-le-prix-dune-carte-grise\/&amp;source=gmail&amp;ust=1592022150871000&amp;usg=AFQjCNE5GI3y0kE6DJs8hN9H6n8jWyyz6A\">notice explicative<\/a>.\u00a0<\/p>\n<p><span style=\"text-decoration: underline; color: #000000;\"><strong>B &#8211; LISTE DES MEDECINS AGREES\u00a0\u00a0<\/strong><\/span><\/p>\n<p>Pour le contr\u00f4le de l&rsquo;aptitude physique \u00e0 la conduite automobile, veuillez consulter la liste des <a href=\"https:\/\/laiz.fr\/wordpress\/wp-content\/uploads\/2016\/05\/M\u00e9decins-agr\u00e9\u00e9s.pdf\">M\u00e9decins agr\u00e9\u00e9s.<\/a><\/p>\n\n","protected":false},"excerpt":{"rendered":"<p>A &#8211; CARTES GRISES : Depuis 2017, les d\u00e9marches pour la carte grise ne\u00a0s&rsquo;effectuent plus en Pr\u00e9fecture et Sous-Pr\u00e9fecture. Afin d&rsquo;obtenir votre certificat d&rsquo;immatriculation pour votre v\u00e9hicule (neuf ou occasion),\u00a0il est \u00e0 pr\u00e9sent n\u00e9cessaire de passer par l&rsquo;une de ces deux options :\u00a0\u00a0 \u00a0Site de l&rsquo;ANTS (Agence National des Titres S\u00e9curis\u00e9s) :\u00a0https:\/\/immatriculation.ants.gouv.fr Un professionnel de &hellip; <a href=\"https:\/\/laiz.fr\/wordpress\/demarches-administratives\/immatriculation-de-vehicules\/\" class=\"more-link\">Continuer la lecture de <span class=\"screen-reader-text\">Immatriculation et m\u00e9decins agr\u00e9\u00e9s<\/span>  <span class=\"meta-nav\">&rarr;<\/span><\/a><\/p>\n","protected":false},"author":1,"featured_media":0,"parent":92,"menu_order":0,"comment_status":"closed","ping_status":"closed","template":"","meta":{"footnotes":""},"class_list":["post-399","page","type-page","status-publish","hentry"],"yoast_head":"<!-- This site is optimized with the Yoast SEO plugin v27.5 - https:\/\/yoast.com\/product\/yoast-seo-wordpress\/ -->\n<title>Immatriculation et m\u00e9decins agr\u00e9\u00e9s - MAIRIE DE LAIZ<\/title>\n<meta name=\"robots\" content=\"index, follow, max-snippet:-1, max-image-preview:large, max-video-preview:-1\" \/>\n<link rel=\"canonical\" href=\"https:\/\/laiz.fr\/wordpress\/demarches-administratives\/immatriculation-de-vehicules\/\" \/>\n<meta property=\"og:locale\" content=\"fr_FR\" \/>\n<meta property=\"og:type\" content=\"article\" \/>\n<meta property=\"og:title\" content=\"Immatriculation et m\u00e9decins agr\u00e9\u00e9s - MAIRIE DE LAIZ\" \/>\n<meta property=\"og:description\" content=\"A &#8211; CARTES GRISES : Depuis 2017, les d\u00e9marches pour la carte grise ne\u00a0s&rsquo;effectuent plus en Pr\u00e9fecture et Sous-Pr\u00e9fecture. Afin d&rsquo;obtenir votre certificat d&rsquo;immatriculation pour votre v\u00e9hicule (neuf ou occasion),\u00a0il est \u00e0 pr\u00e9sent n\u00e9cessaire de passer par l&rsquo;une de ces deux options :\u00a0\u00a0 \u00a0Site de l&rsquo;ANTS (Agence National des Titres S\u00e9curis\u00e9s) :\u00a0https:\/\/immatriculation.ants.gouv.fr Un professionnel de &hellip; Continuer la lecture de Immatriculation et m\u00e9decins agr\u00e9\u00e9s &rarr;\" \/>\n<meta property=\"og:url\" content=\"https:\/\/laiz.fr\/wordpress\/demarches-administratives\/immatriculation-de-vehicules\/\" \/>\n<meta property=\"og:site_name\" content=\"MAIRIE DE LAIZ\" \/>\n<meta property=\"article:publisher\" content=\"https:\/\/www.facebook.com\/villagedelaiz\" \/>\n<meta property=\"article:modified_time\" content=\"2020-06-12T04:57:02+00:00\" \/>\n<meta property=\"og:image\" content=\"https:\/\/laiz.fr\/wordpress\/wp-content\/uploads\/2016\/06\/laizlogo2.jpg\" \/>\n\t<meta property=\"og:image:width\" content=\"935\" \/>\n\t<meta property=\"og:image:height\" content=\"591\" \/>\n\t<meta property=\"og:image:type\" content=\"image\/jpeg\" \/>\n<meta name=\"twitter:label1\" content=\"Dur\u00e9e de lecture estim\u00e9e\" \/>\n\t<meta name=\"twitter:data1\" content=\"1 minute\" \/>\n<script type=\"application\/ld+json\" class=\"yoast-schema-graph\">{\"@context\":\"https:\\\/\\\/schema.org\",\"@graph\":[{\"@type\":\"WebPage\",\"@id\":\"https:\\\/\\\/laiz.fr\\\/wordpress\\\/demarches-administratives\\\/immatriculation-de-vehicules\\\/\",\"url\":\"https:\\\/\\\/laiz.fr\\\/wordpress\\\/demarches-administratives\\\/immatriculation-de-vehicules\\\/\",\"name\":\"Immatriculation et m\u00e9decins agr\u00e9\u00e9s - MAIRIE DE LAIZ\",\"isPartOf\":{\"@id\":\"https:\\\/\\\/laiz.fr\\\/wordpress\\\/#website\"},\"datePublished\":\"2016-06-30T14:31:15+00:00\",\"dateModified\":\"2020-06-12T04:57:02+00:00\",\"breadcrumb\":{\"@id\":\"https:\\\/\\\/laiz.fr\\\/wordpress\\\/demarches-administratives\\\/immatriculation-de-vehicules\\\/#breadcrumb\"},\"inLanguage\":\"fr-FR\",\"potentialAction\":[{\"@type\":\"ReadAction\",\"target\":[\"https:\\\/\\\/laiz.fr\\\/wordpress\\\/demarches-administratives\\\/immatriculation-de-vehicules\\\/\"]}]},{\"@type\":\"BreadcrumbList\",\"@id\":\"https:\\\/\\\/laiz.fr\\\/wordpress\\\/demarches-administratives\\\/immatriculation-de-vehicules\\\/#breadcrumb\",\"itemListElement\":[{\"@type\":\"ListItem\",\"position\":1,\"name\":\"Accueil\",\"item\":\"https:\\\/\\\/laiz.fr\\\/wordpress\\\/\"},{\"@type\":\"ListItem\",\"position\":2,\"name\":\"D\u00e9marches administratives\",\"item\":\"https:\\\/\\\/laiz.fr\\\/wordpress\\\/demarches-administratives\\\/\"},{\"@type\":\"ListItem\",\"position\":3,\"name\":\"Immatriculation et m\u00e9decins agr\u00e9\u00e9s\"}]},{\"@type\":\"WebSite\",\"@id\":\"https:\\\/\\\/laiz.fr\\\/wordpress\\\/#website\",\"url\":\"https:\\\/\\\/laiz.fr\\\/wordpress\\\/\",\"name\":\"MAIRIE DE LAIZ\",\"description\":\"Un village agr\u00e9able \u00e0 vivre\",\"potentialAction\":[{\"@type\":\"SearchAction\",\"target\":{\"@type\":\"EntryPoint\",\"urlTemplate\":\"https:\\\/\\\/laiz.fr\\\/wordpress\\\/?s={search_term_string}\"},\"query-input\":{\"@type\":\"PropertyValueSpecification\",\"valueRequired\":true,\"valueName\":\"search_term_string\"}}],\"inLanguage\":\"fr-FR\"}]}<\/script>\n<!-- \/ Yoast SEO plugin. -->","yoast_head_json":{"title":"Immatriculation et m\u00e9decins agr\u00e9\u00e9s - MAIRIE DE LAIZ","robots":{"index":"index","follow":"follow","max-snippet":"max-snippet:-1","max-image-preview":"max-image-preview:large","max-video-preview":"max-video-preview:-1"},"canonical":"https:\/\/laiz.fr\/wordpress\/demarches-administratives\/immatriculation-de-vehicules\/","og_locale":"fr_FR","og_type":"article","og_title":"Immatriculation et m\u00e9decins agr\u00e9\u00e9s - MAIRIE DE LAIZ","og_description":"A &#8211; CARTES GRISES : Depuis 2017, les d\u00e9marches pour la carte grise ne\u00a0s&rsquo;effectuent plus en Pr\u00e9fecture et Sous-Pr\u00e9fecture. Afin d&rsquo;obtenir votre certificat d&rsquo;immatriculation pour votre v\u00e9hicule (neuf ou occasion),\u00a0il est \u00e0 pr\u00e9sent n\u00e9cessaire de passer par l&rsquo;une de ces deux options :\u00a0\u00a0 \u00a0Site de l&rsquo;ANTS (Agence National des Titres S\u00e9curis\u00e9s) :\u00a0https:\/\/immatriculation.ants.gouv.fr Un professionnel de &hellip; Continuer la lecture de Immatriculation et m\u00e9decins agr\u00e9\u00e9s &rarr;","og_url":"https:\/\/laiz.fr\/wordpress\/demarches-administratives\/immatriculation-de-vehicules\/","og_site_name":"MAIRIE DE LAIZ","article_publisher":"https:\/\/www.facebook.com\/villagedelaiz","article_modified_time":"2020-06-12T04:57:02+00:00","og_image":[{"width":935,"height":591,"url":"https:\/\/laiz.fr\/wordpress\/wp-content\/uploads\/2016\/06\/laizlogo2.jpg","type":"image\/jpeg"}],"twitter_misc":{"Dur\u00e9e de lecture estim\u00e9e":"1 minute"},"schema":{"@context":"https:\/\/schema.org","@graph":[{"@type":"WebPage","@id":"https:\/\/laiz.fr\/wordpress\/demarches-administratives\/immatriculation-de-vehicules\/","url":"https:\/\/laiz.fr\/wordpress\/demarches-administratives\/immatriculation-de-vehicules\/","name":"Immatriculation et m\u00e9decins agr\u00e9\u00e9s - MAIRIE DE LAIZ","isPartOf":{"@id":"https:\/\/laiz.fr\/wordpress\/#website"},"datePublished":"2016-06-30T14:31:15+00:00","dateModified":"2020-06-12T04:57:02+00:00","breadcrumb":{"@id":"https:\/\/laiz.fr\/wordpress\/demarches-administratives\/immatriculation-de-vehicules\/#breadcrumb"},"inLanguage":"fr-FR","potentialAction":[{"@type":"ReadAction","target":["https:\/\/laiz.fr\/wordpress\/demarches-administratives\/immatriculation-de-vehicules\/"]}]},{"@type":"BreadcrumbList","@id":"https:\/\/laiz.fr\/wordpress\/demarches-administratives\/immatriculation-de-vehicules\/#breadcrumb","itemListElement":[{"@type":"ListItem","position":1,"name":"Accueil","item":"https:\/\/laiz.fr\/wordpress\/"},{"@type":"ListItem","position":2,"name":"D\u00e9marches administratives","item":"https:\/\/laiz.fr\/wordpress\/demarches-administratives\/"},{"@type":"ListItem","position":3,"name":"Immatriculation et m\u00e9decins agr\u00e9\u00e9s"}]},{"@type":"WebSite","@id":"https:\/\/laiz.fr\/wordpress\/#website","url":"https:\/\/laiz.fr\/wordpress\/","name":"MAIRIE DE LAIZ","description":"Un village agr\u00e9able \u00e0 vivre","potentialAction":[{"@type":"SearchAction","target":{"@type":"EntryPoint","urlTemplate":"https:\/\/laiz.fr\/wordpress\/?s={search_term_string}"},"query-input":{"@type":"PropertyValueSpecification","valueRequired":true,"valueName":"search_term_string"}}],"inLanguage":"fr-FR"}]}},"_links":{"self":[{"href":"https:\/\/laiz.fr\/wordpress\/wp-json\/wp\/v2\/pages\/399","targetHints":{"allow":["GET"]}}],"collection":[{"href":"https:\/\/laiz.fr\/wordpress\/wp-json\/wp\/v2\/pages"}],"about":[{"href":"https:\/\/laiz.fr\/wordpress\/wp-json\/wp\/v2\/types\/page"}],"author":[{"embeddable":true,"href":"https:\/\/laiz.fr\/wordpress\/wp-json\/wp\/v2\/users\/1"}],"replies":[{"embeddable":true,"href":"https:\/\/laiz.fr\/wordpress\/wp-json\/wp\/v2\/comments?post=399"}],"version-history":[{"count":5,"href":"https:\/\/laiz.fr\/wordpress\/wp-json\/wp\/v2\/pages\/399\/revisions"}],"predecessor-version":[{"id":2396,"href":"https:\/\/laiz.fr\/wordpress\/wp-json\/wp\/v2\/pages\/399\/revisions\/2396"}],"up":[{"embeddable":true,"href":"https:\/\/laiz.fr\/wordpress\/wp-json\/wp\/v2\/pages\/92"}],"wp:attachment":[{"href":"https:\/\/laiz.fr\/wordpress\/wp-json\/wp\/v2\/media?parent=399"}],"curies":[{"name":"wp","href":"https:\/\/api.w.org\/{rel}","templated":true}]}}

Immatriculation et médecins agréés

<p><span style="text-decoration: underline; color: #000000;"><strong>A &#8211; CARTES GRISES :</strong></span></p>
<p style="font-weight: 400;">Depuis 2017, les démarches pour la carte grise ne s&rsquo;effectuent plus <strong>en Préfecture et Sous-Préfecture.</strong></p>
<p style="font-weight: 400;">Afin d&rsquo;obtenir votre certificat d&rsquo;immatriculation pour votre véhicule (neuf ou occasion), il est à présent nécessaire de passer par l&rsquo;une de ces deux options :  </p>
<ul>
<li style="font-weight: 400;"> Site de l&rsquo;ANTS (Agence National des Titres Sécurisés) : <a href="https://immatriculation.ants.gouv.fr/" data-saferedirecturl="https://www.google.com/url?q=https://immatriculation.ants.gouv.fr/&amp;source=gmail&amp;ust=1592022150871000&amp;usg=AFQjCNH2TK7VhUIwlGoEvnQp0Ttxm01Alg">https://immatriculation.ants.gouv.fr</a></li>
<li style="font-weight: 400;">Un professionnel de l&rsquo;automobile agréé par la préfecture : trouver un <a href="https://www.vroomly.com/garage-01/" data-saferedirecturl="https://www.google.com/url?q=https://www.vroomly.com/garage-01/&amp;source=gmail&amp;ust=1592022150871000&amp;usg=AFQjCNFefj9hswkGA-ECUxi7TEA7eC8DNA">garage dans le 01</a></li>
</ul>
<p style="font-weight: 400;">Pour en savoir plus sur le prix de la carte grise et éviter les arnaques, merci de consulter cette <a href="https://www.vroomly.com/blog/quel-est-le-prix-dune-carte-grise/" data-saferedirecturl="https://www.google.com/url?q=https://www.vroomly.com/blog/quel-est-le-prix-dune-carte-grise/&amp;source=gmail&amp;ust=1592022150871000&amp;usg=AFQjCNE5GI3y0kE6DJs8hN9H6n8jWyyz6A">notice explicative</a>. </p>
<p><span style="text-decoration: underline; color: #000000;"><strong>B &#8211; LISTE DES MEDECINS AGREES  </strong></span></p>
<p>Pour le contrôle de l&rsquo;aptitude physique à la conduite automobile, veuillez consulter la liste des <a href="https://laiz.fr/wordpress/wp-content/uploads/2016/05/Médecins-agréés.pdf">Médecins agréés.</a></p>

<p>A &#8211; CARTES GRISES : Depuis 2017, les démarches pour la carte grise ne s&rsquo;effectuent plus en Préfecture et Sous-Préfecture. Afin d&rsquo;obtenir votre certificat d&rsquo;immatriculation pour votre véhicule (neuf ou occasion), il est à présent nécessaire de passer par l&rsquo;une de ces deux options :    Site de l&rsquo;ANTS (Agence National des Titres Sécurisés) : https://immatriculation.ants.gouv.fr Un professionnel de &hellip; <a href="https://laiz.fr/wordpress/demarches-administratives/immatriculation-de-vehicules/" class="more-link">Continuer la lecture de <span class="screen-reader-text">Immatriculation et médecins agréés</span>  <span class="meta-nav">&rarr;</span></a></p>

<!-- This site is optimized with the Yoast SEO plugin v27.5 - https://yoast.com/product/yoast-seo-wordpress/ -->
<title>Immatriculation et médecins agréés - MAIRIE DE LAIZ</title>
<meta name="robots" content="index, follow, max-snippet:-1, max-image-preview:large, max-video-preview:-1" />
<link rel="canonical" href="https://laiz.fr/wordpress/demarches-administratives/immatriculation-de-vehicules/" />
<meta property="og:locale" content="fr_FR" />
<meta property="og:type" content="article" />
<meta property="og:title" content="Immatriculation et médecins agréés - MAIRIE DE LAIZ" />
<meta property="og:description" content="A &#8211; CARTES GRISES : Depuis 2017, les démarches pour la carte grise ne s&rsquo;effectuent plus en Préfecture et Sous-Préfecture. Afin d&rsquo;obtenir votre certificat d&rsquo;immatriculation pour votre véhicule (neuf ou occasion), il est à présent nécessaire de passer par l&rsquo;une de ces deux options :    Site de l&rsquo;ANTS (Agence National des Titres Sécurisés) : https://immatriculation.ants.gouv.fr Un professionnel de &hellip; Continuer la lecture de Immatriculation et médecins agréés &rarr;" />
<meta property="og:url" content="https://laiz.fr/wordpress/demarches-administratives/immatriculation-de-vehicules/" />
<meta property="og:site_name" content="MAIRIE DE LAIZ" />
<meta property="article:publisher" content="https://www.facebook.com/villagedelaiz" />
<meta property="article:modified_time" content="2020-06-12T04:57:02+00:00" />
<meta property="og:image" content="https://laiz.fr/wordpress/wp-content/uploads/2016/06/laizlogo2.jpg" />
	<meta property="og:image:width" content="935" />
	<meta property="og:image:height" content="591" />
	<meta property="og:image:type" content="image/jpeg" />
<meta name="twitter:label1" content="Durée de lecture estimée" />
	<meta name="twitter:data1" content="1 minute" />
<script type="application/ld+json" class="yoast-schema-graph">{"@context":"https:\/\/schema.org","@graph":[{"@type":"WebPage","@id":"https:\/\/laiz.fr\/wordpress\/demarches-administratives\/immatriculation-de-vehicules\/","url":"https:\/\/laiz.fr\/wordpress\/demarches-administratives\/immatriculation-de-vehicules\/","name":"Immatriculation et médecins agréés - MAIRIE DE LAIZ","isPartOf":{"@id":"https:\/\/laiz.fr\/wordpress\/#website"},"datePublished":"2016-06-30T14:31:15+00:00","dateModified":"2020-06-12T04:57:02+00:00","breadcrumb":{"@id":"https:\/\/laiz.fr\/wordpress\/demarches-administratives\/immatriculation-de-vehicules\/#breadcrumb"},"inLanguage":"fr-FR","potentialAction":[{"@type":"ReadAction","target":["https:\/\/laiz.fr\/wordpress\/demarches-administratives\/immatriculation-de-vehicules\/"]}]},{"@type":"BreadcrumbList","@id":"https:\/\/laiz.fr\/wordpress\/demarches-administratives\/immatriculation-de-vehicules\/#breadcrumb","itemListElement":[{"@type":"ListItem","position":1,"name":"Accueil","item":"https:\/\/laiz.fr\/wordpress\/"},{"@type":"ListItem","position":2,"name":"Démarches administratives","item":"https:\/\/laiz.fr\/wordpress\/demarches-administratives\/"},{"@type":"ListItem","position":3,"name":"Immatriculation et médecins agréés"}]},{"@type":"WebSite","@id":"https:\/\/laiz.fr\/wordpress\/#website","url":"https:\/\/laiz.fr\/wordpress\/","name":"MAIRIE DE LAIZ","description":"Un village agréable à vivre","potentialAction":[{"@type":"SearchAction","target":{"@type":"EntryPoint","urlTemplate":"https:\/\/laiz.fr\/wordpress\/?s={search_term_string}"},"query-input":{"@type":"PropertyValueSpecification","valueRequired":true,"valueName":"search_term_string"}}],"inLanguage":"fr-FR"}]}</script>
<!-- / Yoast SEO plugin. -->

Immatriculation et médecins agréés - MAIRIE DE LAIZ

A &#8211; CARTES GRISES : Depuis 2017, les démarches pour la carte grise ne s&rsquo;effectuent plus en Préfecture et Sous-Préfecture. Afin d&rsquo;obtenir votre certificat d&rsquo;immatriculation pour votre véhicule (neuf ou occasion), il est à présent nécessaire de passer par l&rsquo;une de ces deux options :    Site de l&rsquo;ANTS (Agence National des Titres Sécurisés) : https://immatriculation.ants.gouv.fr Un professionnel de &hellip; Continuer la lecture de Immatriculation et médecins agréés &rarr;

Démarches administratives

Un village agréable à vivre
