{"id":612,"date":"2016-06-20T13:53:43","date_gmt":"2016-06-20T11:53:43","guid":{"rendered":"http:\/\/laiz.fr\/wordpress\/?page_id=612"},"modified":"2016-06-20T14:09:11","modified_gmt":"2016-06-20T12:09:11","slug":"pacs","status":"publish","type":"page","link":"https:\/\/laiz.fr\/wordpress\/demarches-administratives\/documents-officiels\/pacs\/","title":{"rendered":"Le PACS"},"content":{"rendered":"<p>Si vous d\u00e9sirez conclure un Pacte Civil de Solidarit\u00e9, vous devez faire votre d\u00e9claration conjointe au greffe du Tribunal d&rsquo;Instance du lieu de votre r\u00e9sidence commune (Bourg en Bresse).<br \/>\nLes personnes qui souhaitent conclure un Pacs doivent \u00eatre majeures.<\/p>\n<p>Aucune condition de nationalit\u00e9 n&rsquo;est exig\u00e9e pour conclure un Pacs en France. En revanche, lorsque le Pacs est conclu \u00e0 l&rsquo;\u00e9tranger (\u00e0 l&rsquo;ambassade ou au consulat) l&rsquo;un au moins des partenaires doit \u00eatre de nationalit\u00e9 fran\u00e7aise.<\/p>\n<p>Les majeurs prot\u00e9g\u00e9s peuvent conclure un Pacs sous certaines conditions :<\/p>\n<p>le majeur en curatelle doit obtenir l&rsquo;autorisation du curateur ou, \u00e0 d\u00e9faut, celle du juge des tutelles,<\/p>\n<p>le majeur en tutelle doit obtenir l&rsquo;autorisation du juge des tutelles ou, le cas \u00e9ch\u00e9ant, du conseil de famille.<br \/>\nRestrictions<\/p>\n<p>Un Pacs ne peut pas \u00eatre conclu :<\/p>\n<p>entre ascendants et descendants en ligne directe,<\/p>\n<p>entre collat\u00e9raux jusqu&rsquo;au 3eme degr\u00e9 (fr\u00e8res et s\u0153urs, oncles et ni\u00e8ces, etc),<\/p>\n<p>entre alli\u00e9s en ligne directe (belle-m\u00e8re et gendre, beau-p\u00e8re et bru, etc),<\/p>\n<p>si l&rsquo;une des deux personnes est d\u00e9j\u00e0 mari\u00e9e,<\/p>\n<p>si l&rsquo;une des deux personnes est d\u00e9j\u00e0 engag\u00e9e par un Pacs. Le futur partenaire ayant conclu un Pacs par le pass\u00e9 et l\u2019ayant dissous, doit v\u00e9rifier aupr\u00e8s de l\u2019officier d\u2019\u00e9tat-civil que la mention de la dissolution a bien \u00e9t\u00e9 inscrite sur son acte de naissance.<\/p>\n<p>\u00c0 noter : les mineurs, m\u00eame \u00e9mancip\u00e9s, ne peuvent pas conclure de Pacs.<\/p>\n<p>Vous pouvez r\u00e9cup\u00e9rer le formulaire <a href=\"https:\/\/www.service-public.fr\/particuliers\/vosdroits\/F1618\">ICI<\/a><\/p>\n","protected":false},"excerpt":{"rendered":"<p>Si vous d\u00e9sirez conclure un Pacte Civil de Solidarit\u00e9, vous devez faire votre d\u00e9claration conjointe au greffe du Tribunal d&rsquo;Instance du lieu de votre r\u00e9sidence commune (Bourg en Bresse). Les personnes qui souhaitent conclure un Pacs doivent \u00eatre majeures. Aucune condition de nationalit\u00e9 n&rsquo;est exig\u00e9e pour conclure un Pacs en France. En revanche, lorsque le &hellip; <a href=\"https:\/\/laiz.fr\/wordpress\/demarches-administratives\/documents-officiels\/pacs\/\" class=\"more-link\">Continuer la lecture de <span class=\"screen-reader-text\">Le PACS<\/span>  <span class=\"meta-nav\">&rarr;<\/span><\/a><\/p>\n","protected":false},"author":1,"featured_media":0,"parent":213,"menu_order":0,"comment_status":"closed","ping_status":"closed","template":"","meta":{"footnotes":""},"class_list":["post-612","page","type-page","status-publish","hentry"],"yoast_head":"<!-- This site is optimized with the Yoast SEO plugin v27.4 - https:\/\/yoast.com\/product\/yoast-seo-wordpress\/ -->\n<title>Le PACS - MAIRIE DE LAIZ<\/title>\n<meta name=\"robots\" content=\"index, follow, max-snippet:-1, max-image-preview:large, max-video-preview:-1\" \/>\n<link rel=\"canonical\" href=\"https:\/\/laiz.fr\/wordpress\/demarches-administratives\/documents-officiels\/pacs\/\" \/>\n<meta property=\"og:locale\" content=\"fr_FR\" \/>\n<meta property=\"og:type\" content=\"article\" \/>\n<meta property=\"og:title\" content=\"Le PACS - MAIRIE DE LAIZ\" \/>\n<meta property=\"og:description\" content=\"Si vous d\u00e9sirez conclure un Pacte Civil de Solidarit\u00e9, vous devez faire votre d\u00e9claration conjointe au greffe du Tribunal d&rsquo;Instance du lieu de votre r\u00e9sidence commune (Bourg en Bresse). Les personnes qui souhaitent conclure un Pacs doivent \u00eatre majeures. Aucune condition de nationalit\u00e9 n&rsquo;est exig\u00e9e pour conclure un Pacs en France. En revanche, lorsque le &hellip; Continuer la lecture de Le PACS &rarr;\" \/>\n<meta property=\"og:url\" content=\"https:\/\/laiz.fr\/wordpress\/demarches-administratives\/documents-officiels\/pacs\/\" \/>\n<meta property=\"og:site_name\" content=\"MAIRIE DE LAIZ\" \/>\n<meta property=\"article:publisher\" content=\"https:\/\/www.facebook.com\/villagedelaiz\" \/>\n<meta property=\"article:modified_time\" content=\"2016-06-20T12:09:11+00:00\" \/>\n<meta property=\"og:image\" content=\"https:\/\/laiz.fr\/wordpress\/wp-content\/uploads\/2016\/06\/laizlogo2.jpg\" \/>\n\t<meta property=\"og:image:width\" content=\"935\" \/>\n\t<meta property=\"og:image:height\" content=\"591\" \/>\n\t<meta property=\"og:image:type\" content=\"image\/jpeg\" \/>\n<meta name=\"twitter:label1\" content=\"Dur\u00e9e de lecture estim\u00e9e\" \/>\n\t<meta name=\"twitter:data1\" content=\"1 minute\" \/>\n<script type=\"application\/ld+json\" class=\"yoast-schema-graph\">{\"@context\":\"https:\\\/\\\/schema.org\",\"@graph\":[{\"@type\":\"WebPage\",\"@id\":\"https:\\\/\\\/laiz.fr\\\/wordpress\\\/demarches-administratives\\\/documents-officiels\\\/pacs\\\/\",\"url\":\"https:\\\/\\\/laiz.fr\\\/wordpress\\\/demarches-administratives\\\/documents-officiels\\\/pacs\\\/\",\"name\":\"Le PACS - MAIRIE DE LAIZ\",\"isPartOf\":{\"@id\":\"https:\\\/\\\/laiz.fr\\\/wordpress\\\/#website\"},\"datePublished\":\"2016-06-20T11:53:43+00:00\",\"dateModified\":\"2016-06-20T12:09:11+00:00\",\"breadcrumb\":{\"@id\":\"https:\\\/\\\/laiz.fr\\\/wordpress\\\/demarches-administratives\\\/documents-officiels\\\/pacs\\\/#breadcrumb\"},\"inLanguage\":\"fr-FR\",\"potentialAction\":[{\"@type\":\"ReadAction\",\"target\":[\"https:\\\/\\\/laiz.fr\\\/wordpress\\\/demarches-administratives\\\/documents-officiels\\\/pacs\\\/\"]}]},{\"@type\":\"BreadcrumbList\",\"@id\":\"https:\\\/\\\/laiz.fr\\\/wordpress\\\/demarches-administratives\\\/documents-officiels\\\/pacs\\\/#breadcrumb\",\"itemListElement\":[{\"@type\":\"ListItem\",\"position\":1,\"name\":\"Accueil\",\"item\":\"https:\\\/\\\/laiz.fr\\\/wordpress\\\/\"},{\"@type\":\"ListItem\",\"position\":2,\"name\":\"D\u00e9marches administratives\",\"item\":\"https:\\\/\\\/laiz.fr\\\/wordpress\\\/demarches-administratives\\\/\"},{\"@type\":\"ListItem\",\"position\":3,\"name\":\"Documents officiels\",\"item\":\"https:\\\/\\\/laiz.fr\\\/wordpress\\\/demarches-administratives\\\/documents-officiels\\\/\"},{\"@type\":\"ListItem\",\"position\":4,\"name\":\"Le PACS\"}]},{\"@type\":\"WebSite\",\"@id\":\"https:\\\/\\\/laiz.fr\\\/wordpress\\\/#website\",\"url\":\"https:\\\/\\\/laiz.fr\\\/wordpress\\\/\",\"name\":\"MAIRIE DE LAIZ\",\"description\":\"Un village agr\u00e9able \u00e0 vivre\",\"potentialAction\":[{\"@type\":\"SearchAction\",\"target\":{\"@type\":\"EntryPoint\",\"urlTemplate\":\"https:\\\/\\\/laiz.fr\\\/wordpress\\\/?s={search_term_string}\"},\"query-input\":{\"@type\":\"PropertyValueSpecification\",\"valueRequired\":true,\"valueName\":\"search_term_string\"}}],\"inLanguage\":\"fr-FR\"}]}<\/script>\n<!-- \/ Yoast SEO plugin. -->","yoast_head_json":{"title":"Le PACS - MAIRIE DE LAIZ","robots":{"index":"index","follow":"follow","max-snippet":"max-snippet:-1","max-image-preview":"max-image-preview:large","max-video-preview":"max-video-preview:-1"},"canonical":"https:\/\/laiz.fr\/wordpress\/demarches-administratives\/documents-officiels\/pacs\/","og_locale":"fr_FR","og_type":"article","og_title":"Le PACS - MAIRIE DE LAIZ","og_description":"Si vous d\u00e9sirez conclure un Pacte Civil de Solidarit\u00e9, vous devez faire votre d\u00e9claration conjointe au greffe du Tribunal d&rsquo;Instance du lieu de votre r\u00e9sidence commune (Bourg en Bresse). Les personnes qui souhaitent conclure un Pacs doivent \u00eatre majeures. Aucune condition de nationalit\u00e9 n&rsquo;est exig\u00e9e pour conclure un Pacs en France. En revanche, lorsque le &hellip; Continuer la lecture de Le PACS &rarr;","og_url":"https:\/\/laiz.fr\/wordpress\/demarches-administratives\/documents-officiels\/pacs\/","og_site_name":"MAIRIE DE LAIZ","article_publisher":"https:\/\/www.facebook.com\/villagedelaiz","article_modified_time":"2016-06-20T12:09:11+00:00","og_image":[{"width":935,"height":591,"url":"https:\/\/laiz.fr\/wordpress\/wp-content\/uploads\/2016\/06\/laizlogo2.jpg","type":"image\/jpeg"}],"twitter_misc":{"Dur\u00e9e de lecture estim\u00e9e":"1 minute"},"schema":{"@context":"https:\/\/schema.org","@graph":[{"@type":"WebPage","@id":"https:\/\/laiz.fr\/wordpress\/demarches-administratives\/documents-officiels\/pacs\/","url":"https:\/\/laiz.fr\/wordpress\/demarches-administratives\/documents-officiels\/pacs\/","name":"Le PACS - MAIRIE DE LAIZ","isPartOf":{"@id":"https:\/\/laiz.fr\/wordpress\/#website"},"datePublished":"2016-06-20T11:53:43+00:00","dateModified":"2016-06-20T12:09:11+00:00","breadcrumb":{"@id":"https:\/\/laiz.fr\/wordpress\/demarches-administratives\/documents-officiels\/pacs\/#breadcrumb"},"inLanguage":"fr-FR","potentialAction":[{"@type":"ReadAction","target":["https:\/\/laiz.fr\/wordpress\/demarches-administratives\/documents-officiels\/pacs\/"]}]},{"@type":"BreadcrumbList","@id":"https:\/\/laiz.fr\/wordpress\/demarches-administratives\/documents-officiels\/pacs\/#breadcrumb","itemListElement":[{"@type":"ListItem","position":1,"name":"Accueil","item":"https:\/\/laiz.fr\/wordpress\/"},{"@type":"ListItem","position":2,"name":"D\u00e9marches administratives","item":"https:\/\/laiz.fr\/wordpress\/demarches-administratives\/"},{"@type":"ListItem","position":3,"name":"Documents officiels","item":"https:\/\/laiz.fr\/wordpress\/demarches-administratives\/documents-officiels\/"},{"@type":"ListItem","position":4,"name":"Le PACS"}]},{"@type":"WebSite","@id":"https:\/\/laiz.fr\/wordpress\/#website","url":"https:\/\/laiz.fr\/wordpress\/","name":"MAIRIE DE LAIZ","description":"Un village agr\u00e9able \u00e0 vivre","potentialAction":[{"@type":"SearchAction","target":{"@type":"EntryPoint","urlTemplate":"https:\/\/laiz.fr\/wordpress\/?s={search_term_string}"},"query-input":{"@type":"PropertyValueSpecification","valueRequired":true,"valueName":"search_term_string"}}],"inLanguage":"fr-FR"}]}},"_links":{"self":[{"href":"https:\/\/laiz.fr\/wordpress\/wp-json\/wp\/v2\/pages\/612","targetHints":{"allow":["GET"]}}],"collection":[{"href":"https:\/\/laiz.fr\/wordpress\/wp-json\/wp\/v2\/pages"}],"about":[{"href":"https:\/\/laiz.fr\/wordpress\/wp-json\/wp\/v2\/types\/page"}],"author":[{"embeddable":true,"href":"https:\/\/laiz.fr\/wordpress\/wp-json\/wp\/v2\/users\/1"}],"replies":[{"embeddable":true,"href":"https:\/\/laiz.fr\/wordpress\/wp-json\/wp\/v2\/comments?post=612"}],"version-history":[{"count":2,"href":"https:\/\/laiz.fr\/wordpress\/wp-json\/wp\/v2\/pages\/612\/revisions"}],"predecessor-version":[{"id":614,"href":"https:\/\/laiz.fr\/wordpress\/wp-json\/wp\/v2\/pages\/612\/revisions\/614"}],"up":[{"embeddable":true,"href":"https:\/\/laiz.fr\/wordpress\/wp-json\/wp\/v2\/pages\/213"}],"wp:attachment":[{"href":"https:\/\/laiz.fr\/wordpress\/wp-json\/wp\/v2\/media?parent=612"}],"curies":[{"name":"wp","href":"https:\/\/api.w.org\/{rel}","templated":true}]}}