{"id":79,"date":"2016-05-12T18:04:36","date_gmt":"2016-05-12T17:04:36","guid":{"rendered":"http:\/\/laiz.fr\/wordpress\/?page_id=79"},"modified":"2026-03-24T19:41:13","modified_gmt":"2026-03-24T18:41:13","slug":"permanences-samedi-matin","status":"publish","type":"page","link":"https:\/\/laiz.fr\/wordpress\/mairie\/permanences-samedi-matin\/","title":{"rendered":"Conseil municipal"},"content":{"rendered":"<p class=\"spip\"><strong>Maire : Monsieur S\u00e9bastien SCHAUVING<\/strong><\/p>\n<p class=\"spip\"><strong><span style=\"color: #ff6600;\">1\u00e8re adjointe<\/span>\u00a0: Madame Sylvie MARECHAL-GOYON<\/strong><\/p>\n<p class=\"spip\"><strong><span style=\"color: #0000ff;\">2\u00e8me adjoint<\/span> : Monsieur Jean Louis CHALOIN<\/strong><\/p>\n<p class=\"spip\"><strong><span style=\"color: #00ff00;\">3\u00e8me adjointe<\/span> : Madame C\u00e9cile PEYROL-LELEU<\/strong><\/p>\n<p class=\"spip\"><strong><span style=\"color: #ffff00;\">4\u00e8me adjoint<\/span> : Monsieur Fabien LOPES<\/strong><\/p>\n<p class=\"spip\"><span style=\"color: #ff00ff;\"><em><strong>Conseillers municipaux\u00a0:<\/strong><\/em><\/span><\/p>\n<p><strong>Madame Marie-Pierre FONTMORIN<\/strong><\/p>\n<p><strong>Madame Valentine HUMBERT-FLORIN<\/strong><\/p>\n<p><strong>Monsieur Franck LAPLACE<\/strong><\/p>\n<p class=\"spip\"><strong>Monsieur Florent PEROT<\/strong><\/p>\n<p><strong>Madame Pascale PEYSON<\/strong><\/p>\n<p><strong>Madame Muriel SALIER<\/strong><\/p>\n<p><strong>Madame V\u00e9ronique SILVI<\/strong><\/p>\n<p><strong>Monsieur Franck TEPPE<\/strong><\/p>\n<p><strong>Monsieur Francis VISCOVI<\/strong><\/p>\n<p><strong>Monsieur Benjamin WERQUIN<\/strong><\/p>\n","protected":false},"excerpt":{"rendered":"<p>Maire : Monsieur S\u00e9bastien SCHAUVING 1\u00e8re adjointe\u00a0: Madame Sylvie MARECHAL-GOYON 2\u00e8me adjoint : Monsieur Jean Louis CHALOIN 3\u00e8me adjointe : Madame C\u00e9cile PEYROL-LELEU 4\u00e8me adjoint : Monsieur Fabien LOPES Conseillers municipaux\u00a0: Madame Marie-Pierre FONTMORIN Madame Valentine HUMBERT-FLORIN Monsieur Franck LAPLACE Monsieur Florent PEROT Madame Pascale PEYSON Madame Muriel SALIER Madame V\u00e9ronique SILVI Monsieur Franck TEPPE &hellip; <a href=\"https:\/\/laiz.fr\/wordpress\/mairie\/permanences-samedi-matin\/\" class=\"more-link\">Continuer la lecture de <span class=\"screen-reader-text\">Conseil municipal<\/span>  <span class=\"meta-nav\">&rarr;<\/span><\/a><\/p>\n","protected":false},"author":1,"featured_media":0,"parent":121,"menu_order":4,"comment_status":"closed","ping_status":"closed","template":"","meta":{"footnotes":""},"class_list":["post-79","page","type-page","status-publish","hentry"],"yoast_head":"<!-- This site is optimized with the Yoast SEO plugin v27.4 - https:\/\/yoast.com\/product\/yoast-seo-wordpress\/ -->\n<title>Conseil municipal - MAIRIE DE LAIZ<\/title>\n<meta name=\"robots\" content=\"index, follow, max-snippet:-1, max-image-preview:large, max-video-preview:-1\" \/>\n<link rel=\"canonical\" href=\"https:\/\/laiz.fr\/wordpress\/mairie\/permanences-samedi-matin\/\" \/>\n<meta property=\"og:locale\" content=\"fr_FR\" \/>\n<meta property=\"og:type\" content=\"article\" \/>\n<meta property=\"og:title\" content=\"Conseil municipal - MAIRIE DE LAIZ\" \/>\n<meta property=\"og:description\" content=\"Maire : Monsieur S\u00e9bastien SCHAUVING 1\u00e8re adjointe\u00a0: Madame Sylvie MARECHAL-GOYON 2\u00e8me adjoint : Monsieur Jean Louis CHALOIN 3\u00e8me adjointe : Madame C\u00e9cile PEYROL-LELEU 4\u00e8me adjoint : Monsieur Fabien LOPES Conseillers municipaux\u00a0: Madame Marie-Pierre FONTMORIN Madame Valentine HUMBERT-FLORIN Monsieur Franck LAPLACE Monsieur Florent PEROT Madame Pascale PEYSON Madame Muriel SALIER Madame V\u00e9ronique SILVI Monsieur Franck TEPPE &hellip; Continuer la lecture de Conseil municipal &rarr;\" \/>\n<meta property=\"og:url\" content=\"https:\/\/laiz.fr\/wordpress\/mairie\/permanences-samedi-matin\/\" \/>\n<meta property=\"og:site_name\" content=\"MAIRIE DE LAIZ\" \/>\n<meta property=\"article:publisher\" content=\"https:\/\/www.facebook.com\/villagedelaiz\" \/>\n<meta property=\"article:modified_time\" content=\"2026-03-24T18:41:13+00:00\" \/>\n<meta property=\"og:image\" content=\"https:\/\/laiz.fr\/wordpress\/wp-content\/uploads\/2016\/06\/laizlogo2.jpg\" \/>\n\t<meta property=\"og:image:width\" content=\"935\" \/>\n\t<meta property=\"og:image:height\" content=\"591\" \/>\n\t<meta property=\"og:image:type\" content=\"image\/jpeg\" \/>\n<meta name=\"twitter:label1\" content=\"Dur\u00e9e de lecture estim\u00e9e\" \/>\n\t<meta name=\"twitter:data1\" content=\"1 minute\" \/>\n<script type=\"application\/ld+json\" class=\"yoast-schema-graph\">{\"@context\":\"https:\\\/\\\/schema.org\",\"@graph\":[{\"@type\":\"WebPage\",\"@id\":\"https:\\\/\\\/laiz.fr\\\/wordpress\\\/mairie\\\/permanences-samedi-matin\\\/\",\"url\":\"https:\\\/\\\/laiz.fr\\\/wordpress\\\/mairie\\\/permanences-samedi-matin\\\/\",\"name\":\"Conseil municipal - MAIRIE DE LAIZ\",\"isPartOf\":{\"@id\":\"https:\\\/\\\/laiz.fr\\\/wordpress\\\/#website\"},\"datePublished\":\"2016-05-12T17:04:36+00:00\",\"dateModified\":\"2026-03-24T18:41:13+00:00\",\"breadcrumb\":{\"@id\":\"https:\\\/\\\/laiz.fr\\\/wordpress\\\/mairie\\\/permanences-samedi-matin\\\/#breadcrumb\"},\"inLanguage\":\"fr-FR\",\"potentialAction\":[{\"@type\":\"ReadAction\",\"target\":[\"https:\\\/\\\/laiz.fr\\\/wordpress\\\/mairie\\\/permanences-samedi-matin\\\/\"]}]},{\"@type\":\"BreadcrumbList\",\"@id\":\"https:\\\/\\\/laiz.fr\\\/wordpress\\\/mairie\\\/permanences-samedi-matin\\\/#breadcrumb\",\"itemListElement\":[{\"@type\":\"ListItem\",\"position\":1,\"name\":\"Accueil\",\"item\":\"https:\\\/\\\/laiz.fr\\\/wordpress\\\/\"},{\"@type\":\"ListItem\",\"position\":2,\"name\":\"Mairie\",\"item\":\"https:\\\/\\\/laiz.fr\\\/wordpress\\\/mairie\\\/\"},{\"@type\":\"ListItem\",\"position\":3,\"name\":\"Conseil municipal\"}]},{\"@type\":\"WebSite\",\"@id\":\"https:\\\/\\\/laiz.fr\\\/wordpress\\\/#website\",\"url\":\"https:\\\/\\\/laiz.fr\\\/wordpress\\\/\",\"name\":\"MAIRIE DE LAIZ\",\"description\":\"Un village agr\u00e9able \u00e0 vivre\",\"potentialAction\":[{\"@type\":\"SearchAction\",\"target\":{\"@type\":\"EntryPoint\",\"urlTemplate\":\"https:\\\/\\\/laiz.fr\\\/wordpress\\\/?s={search_term_string}\"},\"query-input\":{\"@type\":\"PropertyValueSpecification\",\"valueRequired\":true,\"valueName\":\"search_term_string\"}}],\"inLanguage\":\"fr-FR\"}]}<\/script>\n<!-- \/ Yoast SEO plugin. -->","yoast_head_json":{"title":"Conseil municipal - MAIRIE DE LAIZ","robots":{"index":"index","follow":"follow","max-snippet":"max-snippet:-1","max-image-preview":"max-image-preview:large","max-video-preview":"max-video-preview:-1"},"canonical":"https:\/\/laiz.fr\/wordpress\/mairie\/permanences-samedi-matin\/","og_locale":"fr_FR","og_type":"article","og_title":"Conseil municipal - MAIRIE DE LAIZ","og_description":"Maire : Monsieur S\u00e9bastien SCHAUVING 1\u00e8re adjointe\u00a0: Madame Sylvie MARECHAL-GOYON 2\u00e8me adjoint : Monsieur Jean Louis CHALOIN 3\u00e8me adjointe : Madame C\u00e9cile PEYROL-LELEU 4\u00e8me adjoint : Monsieur Fabien LOPES Conseillers municipaux\u00a0: Madame Marie-Pierre FONTMORIN Madame Valentine HUMBERT-FLORIN Monsieur Franck LAPLACE Monsieur Florent PEROT Madame Pascale PEYSON Madame Muriel SALIER Madame V\u00e9ronique SILVI Monsieur Franck TEPPE &hellip; Continuer la lecture de Conseil municipal &rarr;","og_url":"https:\/\/laiz.fr\/wordpress\/mairie\/permanences-samedi-matin\/","og_site_name":"MAIRIE DE LAIZ","article_publisher":"https:\/\/www.facebook.com\/villagedelaiz","article_modified_time":"2026-03-24T18:41:13+00:00","og_image":[{"width":935,"height":591,"url":"https:\/\/laiz.fr\/wordpress\/wp-content\/uploads\/2016\/06\/laizlogo2.jpg","type":"image\/jpeg"}],"twitter_misc":{"Dur\u00e9e de lecture estim\u00e9e":"1 minute"},"schema":{"@context":"https:\/\/schema.org","@graph":[{"@type":"WebPage","@id":"https:\/\/laiz.fr\/wordpress\/mairie\/permanences-samedi-matin\/","url":"https:\/\/laiz.fr\/wordpress\/mairie\/permanences-samedi-matin\/","name":"Conseil municipal - MAIRIE DE LAIZ","isPartOf":{"@id":"https:\/\/laiz.fr\/wordpress\/#website"},"datePublished":"2016-05-12T17:04:36+00:00","dateModified":"2026-03-24T18:41:13+00:00","breadcrumb":{"@id":"https:\/\/laiz.fr\/wordpress\/mairie\/permanences-samedi-matin\/#breadcrumb"},"inLanguage":"fr-FR","potentialAction":[{"@type":"ReadAction","target":["https:\/\/laiz.fr\/wordpress\/mairie\/permanences-samedi-matin\/"]}]},{"@type":"BreadcrumbList","@id":"https:\/\/laiz.fr\/wordpress\/mairie\/permanences-samedi-matin\/#breadcrumb","itemListElement":[{"@type":"ListItem","position":1,"name":"Accueil","item":"https:\/\/laiz.fr\/wordpress\/"},{"@type":"ListItem","position":2,"name":"Mairie","item":"https:\/\/laiz.fr\/wordpress\/mairie\/"},{"@type":"ListItem","position":3,"name":"Conseil municipal"}]},{"@type":"WebSite","@id":"https:\/\/laiz.fr\/wordpress\/#website","url":"https:\/\/laiz.fr\/wordpress\/","name":"MAIRIE DE LAIZ","description":"Un village agr\u00e9able \u00e0 vivre","potentialAction":[{"@type":"SearchAction","target":{"@type":"EntryPoint","urlTemplate":"https:\/\/laiz.fr\/wordpress\/?s={search_term_string}"},"query-input":{"@type":"PropertyValueSpecification","valueRequired":true,"valueName":"search_term_string"}}],"inLanguage":"fr-FR"}]}},"_links":{"self":[{"href":"https:\/\/laiz.fr\/wordpress\/wp-json\/wp\/v2\/pages\/79","targetHints":{"allow":["GET"]}}],"collection":[{"href":"https:\/\/laiz.fr\/wordpress\/wp-json\/wp\/v2\/pages"}],"about":[{"href":"https:\/\/laiz.fr\/wordpress\/wp-json\/wp\/v2\/types\/page"}],"author":[{"embeddable":true,"href":"https:\/\/laiz.fr\/wordpress\/wp-json\/wp\/v2\/users\/1"}],"replies":[{"embeddable":true,"href":"https:\/\/laiz.fr\/wordpress\/wp-json\/wp\/v2\/comments?post=79"}],"version-history":[{"count":8,"href":"https:\/\/laiz.fr\/wordpress\/wp-json\/wp\/v2\/pages\/79\/revisions"}],"predecessor-version":[{"id":7064,"href":"https:\/\/laiz.fr\/wordpress\/wp-json\/wp\/v2\/pages\/79\/revisions\/7064"}],"up":[{"embeddable":true,"href":"https:\/\/laiz.fr\/wordpress\/wp-json\/wp\/v2\/pages\/121"}],"wp:attachment":[{"href":"https:\/\/laiz.fr\/wordpress\/wp-json\/wp\/v2\/media?parent=79"}],"curies":[{"name":"wp","href":"https:\/\/api.w.org\/{rel}","templated":true}]}}